base 4.
-10300330201
112021122121 (base 4) to base 6
324234201
111133303303 (base 4) to base 12
1a79217
What is -8043675 (base 9) in base 12?
-1525195
Convert 101041003 (base 5) to base 13.
114152
321b1 (base 14) to base 6
2332331
Convert -532682 (base 9) to base 11.
-1a7143
What is -a1a03 (base 11) in base 5?
-14231304
Convert 15ae78 (base 16) to base 2.
101011010111001111000
Convert -1c3b35 (base 15) to base 4.
-11100303011
Convert -13312221110 (base 4) to base 7.
-23333303
What is 2729531 (base 10) in base 9?
5120182
1d139 (base 16) to base 9
201330
Convert 311212011 (base 4) to base 6.
4412153
Convert -767877 (base 10) to base 9.
-1400286
What is -3eca1b (base 15) in base 3?
-12200220220022
What is 298172 (base 13) in base 7?
11435252
230112222110 (base 4) to base 15
104a13b
-1011011101100111010 (base 2) to base 9
-632214
What is 835626 (base 9) in base 3?
221012200220
What is 103343451 (base 6) in base 10?
1848919
Convert -ca245 (base 13) to base 15.
-7329c
What is -12324104211 (base 5) in base 6?
-1254530501
Convert -141403540 (base 6) to base 2.
-1010111110101000010100
Convert -11202221000 (base 3) to base 14.
-26375
16473733 (base 8) to base 16
3a77db
What is -294a765 (base 11) in base 2?
-10011010100101010011101
What is -79bd8 (base 16) in base 2?
-1111001101111011000
-4cca0 (base 13) to base 7
-1133141
What is -1328679 (base 10) in base 4?
-11010120213
-28787 (base 14) to base 5
-11202100
-13210210122 (base 4) to base 13
-546546
What is 85ba6 (base 13) in base 14?
63dda
What is -1228229 (base 12) in base 13?
-96bc52
-1031252214 (base 6) to base 3
-202200011221001
-100110101111101011 (base 2) to base 7
-1230452
What is -19329 (base 16) in base 2?
-11001001100101001
Convert -847503 (base 9) to base 2.
-1111011000101010011
30444044 (base 5) to base 11
160831
What is -61572 (base 9) in base 4?
-21321311
50856a (base 11) to base 7
6640466
-131d98 (base 14) to base 8
-2406102
Convert -12310331 (base 4) to base 6.
-333245
What is -1161328 (base 11) in base 2?
-111101101101100100110
1725830 (base 10) to base 4
12211112012
1f6d91 (base 16) to base 6
112051253
10000010011100011110011 (base 2) to base 11
245a486
What is 2122354 (base 6) in base 4?
121130332
-c03 (base 16) to base 7
-11652
Convert -40302121 (base 5) to base 14.
-85597
Convert 873433 (base 9) to base 13.
153102
What is 302068 (base 10) in base 9?
510321
11244311 (base 5) to base 7
606346
1114473 (base 8) to base 13
a7235
Convert 31114015 (base 6) to base 8.
3326633
What is 1100110010011110001110 (base 2) in base 3?
20022022201021
What is -539131 (base 11) in base 2?
-11010010010010000000
3a5237 (base 12) to base 4
3223010023
-5515210 (base 8) to base 2
-101101001101010001000
Convert -50657 (base 15) to base 12.
-103391
What is 1111110110011100010011 (base 2) in base 15?
571255
What is -2423031301 (base 5) in base 12?
-1a97653
672326 (base 8) to base 6
4504410
Convert -108a23 (base 12) to base 7.
-2150016
-696465 (base 11) to base 6
-35415120
Convert 21013413 (base 5) to base 11.
108a68
What is 10110100111111010 (base 2) in base 8?
264772
Convert 21013130 (base 4) to base 15.
b0e5
What is 210002002200 (base 3) in base 13?
116ab4
What is -143111100 (base 5) in base 11?
-475464
Convert 38aa652 (base 11) to base 9.
13647814
What is -225a04 (base 14) in base 11?
-728728
What is -115415 (base 7) in base 13?
-9806
12387 (base 14) to base 10
44611
What is 134196 (base 10) in base 14?
36c96
What is -200231022330 (base 4) in base 13?
-1a1256b
-215442533 (base 6) to base 2
-1110111010011011111001
342700 (base 11) to base 4
2011013022
What is -495c6 (base 13) in base 4?
-200331300
-5566352 (base 7) to base 10
-688928
What is 54012304 (base 7) in base 11?
2656776
Convert -18cdd0 (base 16) to base 2.
-110001100110111010000
What is -113317 (base 8) in base 14?
-100d9
1262330 (base 7) to base 9
273375
Convert 104031242 (base 5) to base 4.
1233020131
-1110101110001110100 (base 2) to base 16
-75c74
Convert -ba655 (base 13) to base 3.
-122010120211
What is 5115026 (base 7) in base 9?
1127575
20224123 (base 6) to base 15
b6806
Convert -5250 (base 14) to base 11.
-a723
Convert -22e98 (base 15) to base 11.
-76686
Convert -3241541 (base 7) to base 13.
-10b7a9
Convert -2123321 (base 5) to base 14.
-d218
What is 1226a7 (base 12) in base 11?
1914a6
Convert 124311114 (base 5) to base 15.
c3874
Convert -1bc7388 (base 13) to base 9.
-18387645
What is -1420220 (base 5) in base 7?
-151550
Convert 3258376 (base 9) to base 15.
248dd0
Convert 10214235 (base 7) to base 12.
356366
514404530 (base 6) to base 7
135423132
What is -4352253 (base 6) in base 13?
-779ac
a4343 (base 12) to base 6
4334123
10001100010001000000 (base 2) to base 15
b536d
What is 164d71 (base 16) in base 12?
5a5a15
What is c66e7c (base 15) in base 4?
210000220113
What is -13332122020 (base 4) in base 5?
-1013400012
Convert -121200110011202 (base 3) to base 2.
-100001110100100110110010
12222121002211 (base 3) to base 7
36015121
3749788 (base 12) to base 2
101001001100100100011000
Convert -22c3f1 (base 16) to base 8.
-10541761
What is 1121222311 (base 4) in base 12?
158671
What is 21414243 (base 5) in base 3?
100102120002
2a285b (base 15) to base 2
111110000011111100100
-828346 (base 10) to base 15
-115681
Convert -1144110 (base 5) to base 7.
-120333
Convert -81261 (base 12) to base 13.
-5b5c4
-430122 (base 7) to base 14
-1d212
What is 4012303 (base 5) in base 7?
352665
4522402 (base 6) to base 7
1641455
Convert eeab (base 16) to base 6.
1150511
4986c (base 16) to base 11
1962a6
Convert 2011022122112 (base 3) to base 14.
21c4a3
What is 206103 (base 14) in base 11?
686740
What is 101001110101100010 (base 2) in base 5?
20440422
Convert 307279 (base 10) to base 6.
10330331
22532 (base 10) to base 11
15a24
Convert 77206 (base 10) to base 4.
102312112
Convert -30763 (base 9) to base 11.
-14291
-101011111100010 (base 2) to base 4
-11133202
-1312142011 (base 5) to base 7
-36353545
What is 203200030 (base 4) in base 8?
434014
10100100001000001 (base 2) to base 12
40769
-12123120 (base 5) to base 7
-653554
-1223384 (base 10) to base 13
-33aac6
-1010101001010001100 (base 2) to base 14
-91192
What is 1053634 (base 8) in base 15?
594b7
Convert -696046 (base 11) to base 3.
-2002012022002
What is -12c59 (base 13) in base 16?
-88f1
-7369 (base 15) to base 9
-36420
What is -7234435 (base 8) in base 5?
-442241130
What is -10211000011 (base 3) in base 12?
-37557
Convert 40ba92 (base 12) to base 11.
634283
What is -328a92 (base 12) in base 4?
-3010020032
16f388 (base 16) to base 7
15533144
Convert b20e (base 15) to base 6.
450005
What is 42450415 (base 6) in base 2?
100110001010111101011
What is 80672 (base 9) in base 8?
147457
Convert -1746823 (base 9) to base 3.
-1211120220210
What is -31222203302 (base 4) in base 13?
-985655
Convert -306303 (base 16) to base 2.
-1100000110001100000011
Convert 11012334 (base 7) to base 9.
1688480
What is -64211020 (base 8) in base 10?
-13701648
What is -113120001 (base 5) in base 12?
-210b15
Convert 25614560 (base 7) to base 14.
44cbd7
10010110011110100001 (base 2) to base 9
1138426
What is 3304504 (base 6) in base 4?
220013320
82990 (base 11) to base 14
32134
Convert 101002120121 (base 3) to base 13.
6c5a4
10562051 (base 8) to base 4
20232100221
Convert -40677232 (base 8) to base 6.
-504412230
What is 95586 (base 11) in base 12?
68617
Convert 252498 (base 14) to base 10.
1274134
What is 3169780 (base 10) in base 11?
1875559
8446e5 (base 15) to base 9
12750688
What is -54766 (base 12) in base 11?
-769a6
501413 (base 7) to base 3
11022000202
Convert 2918a (base 13) to base 6.
1353150
101111100110111111 (base 2) to base 9
326444
Convert -1022011221101 (base 3) to base 6.
-22502014
What is -124756 (base 14) in base 7?
-5221136
What is -266113 (base 7) in base 4?
-30033121
What is -91687 (base 10) in base 9?
-148684
-2005776 (base 8) to base 11
-330237
What is -210211102021 (base 3) in base 11?
-273913
46a017 (base 12) to base 14
218535
3ad155 (base 15) to base 16
2b290b
-2a32a7 (base 12) to base 3
-1100002210101
What is 26821 (base 10) in base 12?
13631
Convert -4317275 (base 8) to base 6.
-40430021
What is 361663 (base 10) in base 5?
43033123
What is -2045100 (base 7) in base 8?
-741612
What is 716704 (base 8) in base 4?
32131